-179 - o = -12*h. Calculate the greatest common divisor of 31 and h.
31
Let h(l) = 3*l - 105. Let y be h(43). Suppose -y*s + 420 = -4*s. Calculate the highest common divisor of 63 and s.
21
Let i be (0 - -1481)*(-16)/(-16). Suppose -2*a + 9010 = 5*n, -3*a = 2*n - 2112 - i. Calculate the greatest common factor of n and 44.
44
Let g = 595 + -243. Suppose -a - 63*z = 58*z - 125*z - 32, 0 = -2*z. What is the greatest common factor of a and g?
32
Suppose -2*g + 5*g + q - 579 = 0, 767 = 4*g + 3*q. Suppose g + 312 = 23*d. Calculate the greatest common factor of 341 and d.
11
Let z = 23 + -17. Suppose -7 = 3*f + 4*l, 9*f + z = 4*f - l. Let i be 40/(-10)*f*2. What is the greatest common divisor of 32 and i?
8
Let t be ((-30)/(-4))/(((-3)/55)/((-96)/528)). Suppose 3*m - 12 = 18. What is the highest common divisor of m and t?
5
Let d = 48 - 23. Suppose -2*w + 16 = -w + 2*c, -2*w - 6*c = -38. Let a = d - w. Calculate the highest common factor of 10 and a.
5
Let i = -53 + 56. Let f be (-12)/(-42) - (i + (-794)/14). What is the greatest common divisor of f and 72?
18
Let h = 42 - 38. Suppose -z + 4*z + 21 = w, 5*w - 86 = -h*z. Let a be (-6)/(84/(-886)) - 6/21. Calculate the greatest common divisor of a and w.
9
Suppose -u + h = -16 - 8, -u - h + 30 = 0. Let g be (2/5)/(7 - 2) - 26013/(-28275). What is the greatest common factor of u and g?
1
Let u(g) be the second derivative of -9*g**5/10 + g**4/12 - 4*g**3/3 - 4*g**2 + 8*g + 1. Let q be u(-1). Calculate the greatest common factor of 475 and q.
19
Let i be (1 - -11) + 32/8. Suppose 12*r = 4*r - i. Let d be (r + -1)/(3*(-1)/85). What is the greatest common factor of 17 and d?
17
Let g = 3161 - 2888. What is the greatest common divisor of g and 42?
21
Suppose 0 = 33*c - 31*c + 13*c - 32400. Calculate the greatest common factor of 189 and c.
27
Suppose 42*j - 216 = 39*j. Let w be (3 - -1)/(j/12996). Calculate the highest common factor of w and 38.
38
Suppose 2*s - 5*t - 23 + 90 = 0, -s - 31 = -5*t. Let g be (776/48)/((-2)/s). Calculate the highest common factor of g and 388.
97
Suppose 9*m = 5*m + 20. Suppose 0*u + 25 = -2*p - m*u, 4*u = -3*p - 20. Let y(s) = -5*s + 1. Let z be y(p). What is the greatest common divisor of z and 4?
1
Let z be (-30)/(-20)*3272/12. Suppose -4*l = z - 1177. Calculate the highest common factor of l and 18.
6
Let g = 4671 + -4661. Calculate the highest common divisor of g and 23.
1
Let q(d) = -125*d - 2152. Let p be q(-21). Calculate the greatest common factor of 33 and p.
11
Suppose -11591 = -4*i + 5*g, -2*g + 7601 + 6929 = 5*i. Suppose 9*r - i = 246. What is the greatest common factor of r and 50?
50
Let d(r) = -r**2 + 55*r + 1316. Let x be d(67). What is the highest common factor of x and 8?
8
Let w = 250 - 236. Suppose -4*m = -3*v + 47, 9*m - 80 = -5*v + w*m. Calculate the greatest common factor of 17 and v.
17
Let c = 61 + -58. Suppose c*r = 59 + 25. Suppose 20 = 6*i - r. Calculate the greatest common factor of i and 56.
8
Let y(p) = 7*p + 387 + 11*p - 9*p. Let v be y(-32). Calculate the highest common factor of 429 and v.
33
Let x be (14 + 22)*5/3. Suppose 0 = 3*f + 2*k - 550, 6*f - 3*k = 5*f + 165. What is the greatest common factor of f and x?
60
Suppose 4*n - 5*s = -17, 27 = -13*n + 14*n + 5*s. Suppose -n*j + 47 = 3*h, -4*j - h = -7*j + 43. What is the highest common factor of j and 112?
16
Let q be (-16 - (-3 + 4))*(-2)/1. Let b = q + 146. Calculate the greatest common divisor of 30 and b.
30
Suppose -4*s - h + 835 = 0, -2*s + s = -2*h - 220. Let q = -46283 + 46367. Calculate the highest common divisor of q and s.
42
Suppose 0 = -2*z + 6, -17*t + 138 = -12*t - 4*z. Let y(c) = c**3 + 7*c**2 - 6*c - 6. Let l be y(-6). Calculate the greatest common divisor of l and t.
6
Let h(y) = -7*y - 139. Let q be h(-21). Let p be (-1)/1*0*-1. Let k be 12 + (-1)/(-2)*p. What is the highest common factor of k and q?
4
Suppose -9*d + 4*d - 300 = 0. Let c = 89 + d. Let o = c + -8. Calculate the greatest common factor of o and 63.
21
Let n(k) = -8*k + 225. Let z be n(7). What is the greatest common factor of z and 208?
13
Suppose -460*z + 37048 = -455*z + 2*j, 4*j + 7436 = z. Calculate the greatest common factor of 51 and z.
17
Let t be 24/1 - (-4)/2. Let p = 22545 + -22168. Calculate the highest common divisor of p and t.
13
Let d be -3*(-7 + (-1328)/(-12)). Let k = d - -348. What is the highest common divisor of 333 and k?
37
Suppose -3*o + 178 = 724. Let f = 188 + o. Let m = 2 - -1. What is the highest common divisor of m and f?
3
Suppose 3*u - 87 = u + 5*r, -4*r = 20. Let p(s) = -s + 5 + 0*s - s. Let b be p(-13). What is the greatest common divisor of u and b?
31
Suppose -331 + 126 = -5*z. Let w = 16 + z. Let n = -41 + w. What is the highest common divisor of 40 and n?
8
Suppose 0 = -7*j + j + 2052. Let x = j - 194. Let i = x - 57. What is the greatest common factor of 13 and i?
13
Suppose 0 = 8*n + 155 + 221. Let r = n - -51. What is the highest common divisor of 4 and r?
4
Let k(g) = 6*g - 30. Let y be k(6). Suppose 120*l + 2106 = 133*l. Calculate the highest common factor of y and l.
6
Let c(t) = 107*t + 32. Let d(z) = -161*z - 49. Let n(r) = 8*c(r) + 5*d(r). Let g be n(4). What is the greatest common factor of 86 and g?
43
Suppose 215*t = 221*t - 192. Suppose 0 = 2*m + 4*s - 64, 3*s + 56 = -4*m + 204. What is the highest common factor of m and t?
8
Let p = -2942 - -2957. Calculate the highest common divisor of p and 1815.
15
Suppose -4*n = -2*v - 46, n - v - 32 = -2*n. Let p(b) = -5*b + 50. Let a be p(n). Calculate the highest common factor of a and 135.
5
Let p be (-10422)/(-8) + 15/60. Suppose 2457 = 5*d - p. Suppose -5*k + 0*t = 4*t - d, 12 = 4*t. What is the highest common factor of k and 37?
37
Let m = 21059 - 21057. Let u be (0 - 5)*(-24)/15. What is the highest common factor of m and u?
2
Let y be 532/5 - (-220)/(-550) - 8. Calculate the highest common factor of 182 and y.
14
Let d be (-16)/(-9 - -5)*(-4 + (211 - -2)). What is the highest common divisor of d and 110?
22
Let c be (8 + -1 + -2)/((-16)/(-1072)). What is the highest common divisor of c and 35?
5
Let v be (62904/11)/((-914)/(-5027)). Calculate the highest common divisor of v and 12.
12
Let s be 3/9 + 254/3. Suppose -s*v + 108 = -82*v. Suppose y - 118 = -4*r, -r + 2*r - v = 3*y. Calculate the greatest common factor of 20 and r.
10
Suppose -2*p - 6 = 0, -5*z - 21*p = -19*p - 69. What is the greatest common divisor of z and 1075?
5
Suppose -y - 5*a = -85, -37*a - 95 = -y - 40*a. What is the greatest common factor of y and 50930?
110
Let g be -16 + 10 + (-5 - (-3 - -626)). Let t = 710 + g. Calculate the greatest common divisor of 2 and t.
2
Suppose -54 = s + 5*s. Let h be 4/(-18) + 448/s. Let i be (9 - 11)*h/4. What is the highest common divisor of i and 5?
5
Let r(z) = 3*z - 3. Let v(j) = j - 1. Let d(s) = -r(s) + 2*v(s). Let q be d(-3). Suppose 2*o - 570 = -q*o. Calculate the greatest common factor of 38 and o.
19
Let o be (-244 - -1)/(54/(-360)). Suppose -o = 8*f - 26*f. What is the greatest common factor of 36 and f?
18
Suppose 3*t + 69*o - 72*o - 99 = 0, 0 = -t - 3*o + 21. Calculate the highest common factor of t and 3970.
10
Let x(v) = 324*v - 3270. Let i be x(20). What is the greatest common divisor of 30 and i?
30
Let p be (-7)/(7/(-4)) - (-1 - 0). Suppose -278 = -p*h + 2. Calculate the highest common factor of 42 and h.
14
Let c be 7/(-3*1/129). Let l = -229 - c. Calculate the highest common divisor of 6 and l.
6
Let u(l) be the first derivative of -12*l - 8 + 1/2*l**2 + l**3. Let o be u(4). What is the highest common divisor of o and 60?
20
Suppose 356 = 4*y + 3*f, 80 = y + 84*f - 81*f. Let a(q) = 21*q - 1. Let g be a(-4). Let r = y + g. What is the greatest common factor of 56 and r?
7
Let y be (0 - 1)*(3 + -2). Let n be (-45)/(-3) - (y + 3). Let m be 53 + ((-165)/105 - 8/(-14)). What is the highest common divisor of n and m?
13
Let n be 346/8 + (-14)/56. Suppose 37*r + 6 = n*r. Let z be r + (-5 - (-184)/4). What is the highest common factor of z and 6?
6
Let w(x) = 3*x - 4. Let r be w(6). Let i(u) = -u**3 + 15*u**2 - 9*u - 16. Let j be i(r). Let f = j - 50. What is the greatest common factor of f and 2?
2
Let u(z) = 6*z + 12. Let r be u(-2). Suppose -3*t + r*t + 21 = k, -t = -k + 1. Let v be (6/(-18) - 